, 499, 4327
What are the prime factors of 1105652140?
2, 5, 1277, 43291
List the prime factors of 34910701.
7, 1123, 4441
List the prime factors of 1013522216.
2, 7, 18098611
List the prime factors of 7802628788.
2, 17, 409, 280549
What are the prime factors of 1931884?
2, 482971
What are the prime factors of 3341388783?
3, 2213, 503297
List the prime factors of 506940494.
2, 197, 461, 2791
What are the prime factors of 294150060?
2, 3, 5, 1634167
What are the prime factors of 5304804805?
5, 107, 211, 46993
What are the prime factors of 300012205?
5, 6091, 9851
What are the prime factors of 2808609294?
2, 3, 468101549
List the prime factors of 3701014393.
17, 719, 302791
List the prime factors of 47739604.
2, 11, 17, 63823
List the prime factors of 330709039.
157, 2106427
List the prime factors of 59898412.
2, 7, 17, 19, 37, 179
List the prime factors of 96079295.
5, 13, 19, 77797
What are the prime factors of 38962883?
71, 503, 1091
What are the prime factors of 4204979572?
2, 5749, 182857
List the prime factors of 340941492.
2, 3, 9470597
What are the prime factors of 633113948?
2, 223, 709769
List the prime factors of 2355618295.
5, 8423, 55933
List the prime factors of 30786075.
3, 5, 23, 661
List the prime factors of 1476306243.
3, 883, 20641
List the prime factors of 120469040.
2, 5, 37, 40699
What are the prime factors of 5307358063?
7, 29, 26144621
What are the prime factors of 57086771?
7, 1489, 5477
What are the prime factors of 13821542?
2, 7, 271, 3643
What are the prime factors of 966878921?
966878921
List the prime factors of 81455523.
3, 1381, 19661
List the prime factors of 656072822.
2, 328036411
What are the prime factors of 163782415?
5, 2351, 13933
List the prime factors of 2819216.
2, 176201
What are the prime factors of 1288400?
2, 5, 3221
List the prime factors of 795710226.
2, 3, 59, 103, 139, 157
List the prime factors of 105141390.
2, 3, 5, 251, 13963
List the prime factors of 456691857.
3, 152230619
List the prime factors of 300721659.
3, 7, 14320079
List the prime factors of 4606380960.
2, 3, 5, 9596627
What are the prime factors of 82418275?
5, 3296731
What are the prime factors of 4433325670?
2, 5, 19, 23, 61, 16631
List the prime factors of 288331089.
3, 96110363
What are the prime factors of 8040919?
8040919
What are the prime factors of 118273792?
2, 7, 13, 5077
List the prime factors of 2038535021.
2038535021
What are the prime factors of 47314654?
2, 23657327
List the prime factors of 52975488.
2, 3, 137957
What are the prime factors of 906186840?
2, 3, 5, 13, 580889
List the prime factors of 3010818176.
2, 877, 26821
List the prime factors of 45076545.
3, 5, 37, 27073
List the prime factors of 5677330456.
2, 7, 139, 729359
List the prime factors of 261881451.
3, 13, 746101
What are the prime factors of 1650471640?
2, 5, 41261791
What are the prime factors of 250636263?
3, 97, 861293
List the prime factors of 239861831.
11, 2239, 9739
List the prime factors of 78619426.
2, 83, 473611
What are the prime factors of 190091734?
2, 7, 23, 43, 13729
List the prime factors of 6843318890.
2, 5, 17, 139, 289603
List the prime factors of 2157495081.
3, 7, 102737861
What are the prime factors of 1476286755?
3, 5, 98419117
What are the prime factors of 56747800?
2, 5, 47, 6037
What are the prime factors of 111834773?
111834773
List the prime factors of 4455438821.
1381, 3226241
List the prime factors of 1290763.
283, 4561
What are the prime factors of 97036266?
2, 3, 1499, 10789
List the prime factors of 2781737042.
2, 7, 2767, 71809
What are the prime factors of 162272297?
11, 14752027
List the prime factors of 1242345970.
2, 5, 19, 53, 107, 1153
List the prime factors of 552084121.
19, 29057059
What are the prime factors of 51363594?
2, 3, 2853533
What are the prime factors of 175459094?
2, 191, 459317
What are the prime factors of 999315997?
3257, 306821
What are the prime factors of 1015830277?
7, 11, 53, 83, 2999
What are the prime factors of 1734287938?
2, 439, 883, 2237
List the prime factors of 154120283.
17, 9065899
List the prime factors of 510690316.
2, 127672579
List the prime factors of 121253031.
3, 29, 41, 1259
List the prime factors of 27184535.
5, 7, 19, 40879
List the prime factors of 11984993.
1951, 6143
What are the prime factors of 1275631173?
3, 583279
List the prime factors of 4473012598.
2, 2236506299
What are the prime factors of 144309988?
2, 59, 611483
List the prime factors of 65024023.
19, 89, 38453
What are the prime factors of 90487954?
2, 2677, 16901
List the prime factors of 2219999281.
17, 130588193
What are the prime factors of 1226644330?
2, 5, 8369, 14657
What are the prime factors of 1493541186?
2, 3, 37, 6727663
List the prime factors of 178364682.
2, 3, 257, 38557
List the prime factors of 46147845.
3, 5, 29, 106087
List the prime factors of 3406165865.
5, 681233173
What are the prime factors of 505688405?
5, 101137681
What are the prime factors of 1406718227?
17, 4603, 17977
List the prime factors of 30289582.
2, 15144791
List the prime factors of 4439105.
5, 11, 43, 1877
List the prime factors of 375461275.
5, 7, 53, 5783
What are the prime factors of 112213297?
7, 19, 23, 36683
List the prime factors of 90160217.
7, 29, 601, 739
What are the prime factors of 2370963178?
2, 1185481589
List the prime factors of 1345770488.
2, 53, 3173987
What are the prime factors of 152618007?
3, 37, 1374937
What are the prime factors of 88652221?
7, 1809229
List the prime factors of 158028097.
1987, 79531
List the prime factors of 16102375.
5, 128819
List the prime factors of 1114895560.
2, 5, 23, 1211843
What are the prime factors of 847835859?
3, 13, 43, 53, 9539
List the prime factors of 3427073641.
43, 79, 1008853
List the prime factors of 59807116.
2, 1249, 11971
List the prime factors of 3621515503.
3621515503
What are the prime factors of 57947087?
11, 1481, 3557
What are the prime factors of 192906615?
3, 5, 11, 1169131
What are the prime factors of 20886977?
20886977
List the prime factors of 583384613.
7, 41, 853, 2383
List the prime factors of 352312665.
3, 5, 1109, 21179
What are the prime factors of 15957837?
3, 7, 23, 3671
List the prime factors of 518764456.
2, 7, 9263651
What are the prime factors of 2460169203?
3, 1423, 576287
List the prime factors of 315620969.
315620969
List the prime factors of 2801093483.
131, 21382393
List the prime factors of 34472187.
3, 3830243
What are the prime factors of 500866726?
2, 163, 1536401
What are the prime factors of 1222666983?
3, 135851887
List the prime factors of 52529096.
2, 181, 36277
List the prime factors of 267807103.
17, 1181, 13339
What are the prime factors of 16343640?
2, 3, 5, 37, 409
What are the prime factors of 51087417?
3, 37, 460247
List the prime factors of 126182795.
5, 983, 25673
List the prime factors of 46423467.
3, 499, 10337
What are the prime factors of 202915535?
5, 19, 53, 191, 211
List the prime factors of 659547152.
2, 11, 19, 197233
List the prime factors of 33479994.
2, 3, 53, 127, 829
List the prime factors of 527654883.
3, 7, 3589489
List the prime factors of 1716519588.
2, 3, 7, 2919251
List the prime factors of 463121472.
2, 3, 11, 219281
What are the prime factors of 62187135?
3, 5, 4145809
What are the prime factors of 56925621?
3, 23, 275003
List the prime factors of 374277565.
5, 71, 1054303
List the prime factors of 3425503891.
149, 22989959
What are the prime factors of 124662882?
2, 3, 151, 137597
What are the prime factors of 2595072591?
3, 89, 3239791
What are the prime factors of 154401212?
2, 7, 5514329
What are the prime factors of 113528112?
2, 3, 2365169
What are the prime factors of 3449228542?
2, 1724614271
List the prime factors of 84674268.
2, 3, 7, 31, 3613
What are the prime factors of 470536874?
2, 43, 5471359
What are the prime factors of 770809048?
2, 31, 83, 37447
List the prime factors of 220418386.
2, 29, 1873, 2029
List the prime factors of 33377754.
2, 3, 1193, 4663
List the prime factors of 3034799747.
7, 127, 3413723
What are the prime factors of 847547206?
2, 11, 17, 131, 17299
List the prime factors of 63317035.
5, 31, 408497
List the prime factors of 845469351.
3, 23, 37, 59, 1871
What are the prime factors of 250833260?
2, 5, 67, 187189
List the prime factors of 180